of 3028 and 3720655.
757
Calculate the highest common divisor of 7571 and 2960374.
113
What is the greatest common factor of 1746 and 21576098?
194
Calculate the highest common factor of 175 and 14858235.
35
Calculate the greatest common divisor of 4265024 and 144.
16
What is the highest common divisor of 199956130 and 5324?
2662
Calculate the greatest common factor of 93458 and 825518.
166
Calculate the greatest common divisor of 19849149 and 459.
153
What is the highest common divisor of 220 and 38738300?
20
What is the greatest common divisor of 1089465 and 695?
5
What is the highest common factor of 2724 and 89916?
12
What is the greatest common factor of 642542329 and 13?
13
What is the highest common divisor of 55363378 and 8816?
1102
Calculate the greatest common factor of 15142 and 213570.
226
What is the highest common factor of 256 and 19880704?
256
Calculate the greatest common divisor of 93 and 126184384.
31
Calculate the highest common factor of 40779725 and 6510.
1085
What is the highest common factor of 639400 and 28198?
46
What is the highest common divisor of 74 and 208197890?
74
What is the highest common divisor of 2806 and 1375760755?
1403
Calculate the greatest common factor of 752 and 467088.
16
What is the highest common divisor of 296444 and 1110?
74
Calculate the highest common factor of 10134 and 39834.
18
Calculate the greatest common divisor of 8107 and 1800359.
121
What is the greatest common divisor of 32544 and 4874208?
96
What is the highest common divisor of 411334 and 105?
7
What is the highest common divisor of 917328 and 57?
3
Calculate the highest common divisor of 1393448 and 2296.
56
Calculate the greatest common divisor of 116610 and 2073795.
345
What is the greatest common factor of 18585979 and 51053?
2687
Calculate the highest common divisor of 6506409 and 5733.
273
Calculate the highest common factor of 102197242 and 98.
98
What is the highest common divisor of 61856 and 366632?
8
What is the highest common factor of 1976900 and 500?
100
Calculate the greatest common divisor of 81043336 and 8976.
88
What is the highest common divisor of 103305557 and 1367?
1367
Calculate the greatest common factor of 1929 and 54183681.
1929
Calculate the greatest common factor of 521095696 and 544.
272
Calculate the greatest common divisor of 182838560 and 320.
160
Calculate the highest common factor of 22939 and 30305.
29
What is the highest common divisor of 284 and 9624476?
284
What is the greatest common factor of 291409 and 93547?
673
Calculate the greatest common factor of 1571 and 1753.
1
What is the highest common divisor of 9845 and 4576135?
895
Calculate the highest common divisor of 2252575 and 20150.
325
What is the greatest common factor of 3495 and 442317880?
1165
Calculate the highest common factor of 122 and 12964635.
61
What is the highest common factor of 28785743 and 7952?
497
Calculate the highest common divisor of 854844240 and 305.
305
Calculate the greatest common factor of 18050 and 27436.
722
Calculate the highest common divisor of 11436 and 3959232.
12
Calculate the highest common factor of 9114 and 5981574.
186
Calculate the greatest common divisor of 11421 and 118341.
243
Calculate the highest common divisor of 53194174 and 176.
22
Calculate the highest common factor of 44396 and 3777696.
4036
Calculate the highest common divisor of 50869000 and 15480.
1720
Calculate the greatest common factor of 718783 and 9893.
13
Calculate the greatest common factor of 1890606 and 8040.
402
Calculate the greatest common divisor of 7063 and 11146423.
1009
Calculate the greatest common divisor of 258204 and 246.
6
What is the greatest common factor of 745473 and 351249?
573
Calculate the greatest common factor of 33354 and 1347131.
1853
What is the greatest common factor of 5751 and 3165535?
71
What is the greatest common factor of 161133345 and 27?
9
What is the greatest common divisor of 710 and 23197546?
142
What is the greatest common factor of 860312 and 2914?
62
What is the greatest common divisor of 88208328 and 2152?
2152
What is the greatest common divisor of 1051542 and 23652?
162
Calculate the greatest common factor of 36846768 and 105.
21
Calculate the highest common factor of 90 and 7252893.
9
Calculate the highest common divisor of 2631998 and 6402.
194
Calculate the greatest common divisor of 311842572 and 48.
12
What is the highest common divisor of 1130140 and 250?
10
Calculate the highest common factor of 196788 and 173724.
372
Calculate the greatest common factor of 1241020 and 18260.
220
What is the greatest common divisor of 84827076 and 36?
12
Calculate the highest common divisor of 7450245 and 330.
165
Calculate the highest common factor of 336 and 5502048.
48
What is the highest common factor of 43587 and 115884?
261
What is the highest common divisor of 542409307 and 407?
407
What is the greatest common factor of 2083824 and 1189?
29
What is the greatest common factor of 57511 and 79799?
199
What is the greatest common divisor of 3705966 and 1430550?
3366
Calculate the greatest common divisor of 51981159 and 3.
3
Calculate the highest common divisor of 3733383 and 113277.
183
Calculate the greatest common divisor of 988590132 and 9.
9
What is the greatest common factor of 183949191 and 27?
27
What is the highest common divisor of 39525 and 1167900?
1275
What is the highest common divisor of 3630 and 2150170?
1210
Calculate the greatest common factor of 92624372 and 58939.
3467
Calculate the highest common factor of 81530 and 57170.
10
What is the greatest common factor of 1243061120 and 6640?
6640
What is the highest common divisor of 7104 and 3393529?
37
Calculate the greatest common factor of 6888 and 308920.
8
Calculate the highest common divisor of 27122872 and 147.
49
Calculate the highest common divisor of 20 and 77110640.
20
Calculate the greatest common factor of 37063 and 1103337.
2851
Calculate the greatest common divisor of 4 and 415132.
4
What is the highest common divisor of 54162 and 3769038?
3186
What is the greatest common factor of 6477432 and 696?
24
What is the greatest common factor of 13573 and 38394139?
1939
What is the greatest common factor of 85648 and 3872816?
848
What is the highest common divisor of 64 and 4577492?
4
What is the highest common factor of 781955 and 13545?
215
Calculate the greatest common factor of 2938 and 241930.
26
What is the highest common divisor of 28422999 and 198?
99
Calculate the greatest common factor of 19115 and 3645.
5
What is the greatest common divisor of 310 and 4769270?
10
Calculate the highest common divisor of 91984014 and 12.
6
What is the greatest common divisor of 1539738 and 276624?
2034
What is the greatest common divisor of 139535838 and 702?
702
Calculate the greatest common divisor of 286 and 28565042.
22
What is the greatest common factor of 306 and 319941?
9
What is the greatest common divisor of 685 and 310380?
5
What is the greatest common divisor of 281044 and 33762?
34
What is the highest common factor of 93 and 296515?
31
What is the greatest common factor of 146 and 870710566?
146
What is the highest common factor of 47436990 and 72210?
2490
What is the greatest common divisor of 4979337 and 165?
33
What is the highest common divisor of 133854 and 55818?
42
Calculate the highest common divisor of 73531483 and 1035.
23
Calculate the greatest common divisor of 640 and 31799710.
10
Calculate the greatest common factor of 16928 and 676591.
529
What is the highest common factor of 2743422 and 2803768?
4642
What is the greatest common factor of 11949 and 38353?
7
Calculate the highest common factor of 259 and 41110441.
37
Calculate the greatest common divisor of 159967 and 105569.
461
What is the greatest common factor of 1408707 and 1351?
193
Calculate the greatest common divisor of 184 and 689800.
8
What is the greatest common factor of 1854 and 8580312?
1854
Calculate the highest common factor of 66263706 and 2190.
438
What is the highest common divisor of 115930692 and 180?
36
What is the greatest common factor of 13524 and 1435308?
588
What is the greatest common factor of 3550311 and 15264?
477
Calculate the highest common divisor of 451 and 3621899.
41
Calculate the greatest common factor of 1471